-4*p**3 - 4*p**2 + p + 2. Let c(w) = -w**3 - w**2. Let y(j) = 3*c(j) - x(j). Let t be y(0). What are the prime factors of ((-1)/2)/(t/76)?
19
Suppose -2*q + 3*q - 44 = 0. Let m = q + -23. What are the prime factors of m?
3, 7
Let h = -32 + 50. Suppose 3*v + 3*q - 18 = 6*q, q - h = -5*v. What are the prime factors of v?
2
Suppose 99 + 41 = 5*i - 5*o, -3*o + 20 = i. What are the prime factors of i?
2, 13
Suppose -3*k - 21 = -69. Suppose 2*l - k = 24. What are the prime factors of l?
2, 5
Let k(u) = u + 7. Let v be k(-10). What are the prime factors of 14/v*6/(-4)?
7
Let z(q) = q**2 - 13*q + 9. What are the prime factors of z(14)?
23
Let z be (45/20)/(3/32). Suppose -2*u = u - z. List the prime factors of u.
2
List the prime factors of 4/((-12)/291)*-1.
97
Let q be (4/(-3))/((-1)/3). Suppose 61 = q*a - 7. What are the prime factors of a?
17
Suppose -2*b - 479 = -5*h, 3*h + h - 2*b = 382. Suppose 2*i + 3*o = h, 2*o - 100 = -4*i + 90. What are the prime factors of i?
47
Let y(f) = 24*f - 5. What are the prime factors of y(2)?
43
Let m be 34/(-6) - (-2)/(-6). Let u(v) = v**3 + 7*v**2 + 7*v + 9. Let s be u(m). List the prime factors of 1/(1/(1 + s)).
2
Let v(o) = -o**3 - 11*o**2 - 5*o - 12. List the prime factors of v(-11).
43
Suppose 0 = 4*d + 6 - 18. Suppose 3*y - d - 3 = 0. Let j(k) = 5*k + 2. List the prime factors of j(y).
2, 3
Let m(i) = 2*i**2 + 9*i - 5. Suppose -5*h - 31 = -4*q, -q + 29 = -5*h - 5. Let t be m(h). Let p = t - 15. List the prime factors of p.
3, 5
Let w = -41 + 63. What are the prime factors of w?
2, 11
Let j(r) = r**3 - 3*r**2 - 6*r - 6. Let y be j(5). Suppose 0 = 3*w - y - 16. What are the prime factors of 8/20 - (-126)/w?
13
Let b(f) = f. Let p(v) = -4*v - 2. Let o(m) = 6*b(m) + 2*p(m). List the prime factors of o(-6).
2
Suppose 35 = 2*i + 2*i + 5*p, -i - p + 8 = 0. Suppose -s + i*s = u - 6, -5*u + 2*s = -12. What are the prime factors of 2/1 - u*-4?
2, 5
Suppose -2*y + 6 = -0*y. Let i be (24/20)/(y/10). Suppose 5*l - 50 = i*v, l + 4*l + 5*v = 5. List the prime factors of l.
2, 3
Let a = 33 + -114. Let y be (-6)/4 + a/(-18). Suppose y*j + 4 = 40. What are the prime factors of j?
2, 3
Let p(v) = -v**2 + 10*v - 1. Let n be p(9). Let y = -2 - n. List the prime factors of (-3 - -2)/(2/y).
5
Let u(f) = -f. Let v(o) = -3*o - 7. Let l(r) = u(r) - v(r). Let j be l(-5). Let k(d) = -d**2 - 4*d - 1. What are the prime factors of k(j)?
2
Suppose 2*s + 114 = 5*s. Let o = s - 22. List the prime factors of o.
2
Suppose -34 = -2*t + 4*t. Let k = -8 - t. List the prime factors of k.
3
Suppose -4*u + 8 = 2*m, u = -4*m - 7 - 5. Suppose 2*t - 2*c - 37 = -3*c, 4*t + u*c - 68 = 0. What are the prime factors of t?
2, 5
Suppose 3*f = 4*g - 0*g + 81, f - 2*g - 27 = 0. What are the prime factors of f?
3
Suppose -5*j + 27 = 4*x, 4*x + 43 = 5*j - 0*x. List the prime factors of j.
7
Let q(v) = -2*v - 5 - 2*v**2 + 3 + 5 - v**3 - 1. What are the prime factors of q(-2)?
2, 3
Suppose 3*n = -q - 39, 0 = -5*q + q - 12. Suppose 2*o + 20 = -p + 2*p, -4*o = 0. Let i = p + n. What are the prime factors of i?
2
List the prime factors of -78*4/8*-1.
3, 13
Let z(y) = -6*y**3 - y**2 - 7*y - 3. List the prime factors of z(-2).
5, 11
Suppose -3*o + 31 + 17 = 0. Suppose -3*z + 11 = -o. What are the prime factors of z?
3
List the prime factors of ((-4)/6)/((-8)/300).
5
Suppose -3*j + 0*j = 51. Suppose b - f + 0*f = 27, 5*b - 108 = -4*f. Let s = j + b. What are the prime factors of s?
7
Let l(a) = -a**3 + 2*a**2 - 3*a + 2. Suppose 0*k + 3*k - 6 = 2*h, 2*k = -4*h + 4. Let q be l(k). What are the prime factors of ((-7)/q)/((-6)/(-24))?
7
Let a(t) = -t**2 - 5*t - 3. Let p be a(-2). Suppose 2*o = -3*h + 33, p*o + h = 24 + 36. List the prime factors of o.
3, 7
Let q(s) = s + 1. Let b be q(-2). What are the prime factors of b*(1 + -2) - -1?
2
Suppose 2*f - 66 = -0*f. List the prime factors of f.
3, 11
Suppose -6 = -3*x - 3*o, -4*x = -3*x - 3*o + 10. Let y(z) be the second derivative of -4*z**3/3 + z. What are the prime factors of y(x)?
2
Suppose 0 = 4*h + 2*n - 128, n - 6 = -2*n. What are the prime factors of h?
31
Suppose 4*z = 5*k - 28, -z - 4*k + 18 = k. Let x(l) = -l**2 - 6*l + 2. Let o be x(-6). What are the prime factors of 2 - (z + 0 + o)?
2
What are the prime factors of (-1)/(-3)*(-2 - -203)?
67
Let y = 604 + -353. What are the prime factors of y?
251
What are the prime factors of (-21)/(-2)*(-144)/(-28)?
2, 3
Suppose 5*y + 14 = 3*u, 3*u + 0*u - 3*y = 18. Suppose 2*m - u = 12. What are the prime factors of m?
2, 5
Let w(s) = s**3 + 10*s**2 + 9*s + 2. Let t be 4/(-14) + 244/(-28). Let h be w(t). Suppose -h*k - k + 36 = 0. List the prime factors of k.
2, 3
Let u(m) = -m**2 - 11*m - 7. What are the prime factors of u(-8)?
17
Let g = -7 + 12. Suppose y - 50 = -5*o, 3*o = g*y + 28 + 30. What are the prime factors of o?
11
Suppose 0 = -4*f - x - 9 + 22, -x - 8 = -3*f. Suppose -3*d = 2*p - 10, 0*d + 2*d + 28 = f*p. What are the prime factors of p?
2
Suppose 3*d - 117 = 9. List the prime factors of d.
2, 3, 7
Suppose 0 = 3*j - 73 + 523. Let d = -105 - j. What are the prime factors of d?
3, 5
What are the prime factors of (-1892)/(-20) + -1 + 28/20?
5, 19
Let s be ((-18)/(-21))/(1/(-14)). Let m(w) = -3*w - 4. List the prime factors of m(s).
2
Let l(z) = -11*z**2 + 10*z - 5. Let g(v) = -14 + 5*v**2 + 16 - v - 4*v. Let j(d) = -9*g(d) - 4*l(d). What are the prime factors of j(4)?
2, 3
Suppose 0 = -2*h - 10, -3*u = -2*u - 4*h - 122. What are the prime factors of u?
2, 3, 17
Let l = -359 - -656. What are the prime factors of l?
3, 11
Let x(s) = -6 + s + 0*s + 0. Let q be x(4). Let h = 5 - q. What are the prime factors of h?
7
Let f(s) be the first derivative of 5*s**2/2 - s + 1. Let y = 6 - 4. What are the prime factors of f(y)?
3
What are the prime factors of 3/(-6)*(1 - 47)?
23
Let p = -24 - -60. Suppose 2*q - p = 4*c, -5 = -3*q - 4*c + 9. List the prime factors of q.
2, 5
Let t = 13 + -12. List the prime factors of 28 - 11 - (t + -2).
2, 3
Let c be -5 + 2 + 1 - -8. Suppose 0 = 2*i + c - 32. List the prime factors of i.
13
List the prime factors of 138/(-12)*8/(-2).
2, 23
Let o = 36 - -6. What are the prime factors of o?
2, 3, 7
Let n(o) = o**2 - 4*o + 1. Let x be n(5). Suppose -2*b = -0*b - x. What are the prime factors of (6/(-4))/(b/(-20))?
2, 5
Let a be (-14 + 6)*2/(-4). Suppose -a*c - u + 52 = -18, -4*c + 2*u = -64. What are the prime factors of c?
17
Let h(p) = -4 + 1 - 2*p + 4 + 6*p. What are the prime factors of h(2)?
3
Suppose -3*q + 0*q - z + 1 = 0, 2*z + 10 = 0. Suppose q*h = -h + 18. What are the prime factors of h?
2, 3
Let u(o) = o**3 - 2*o. Let z be u(-2). What are the prime factors of ((-6)/z)/(3/6)?
3
Let i = -173 + 309. What are the prime factors of i?
2, 17
Let n = 123 + -85. List the prime factors of n.
2, 19
Let t(h) = h + 10. Let d be t(5). Let k be (-9)/15 - (-39)/d. Suppose k*b - 54 = -b. What are the prime factors of b?
2, 3
Let o be ((-25)/(-20))/((-2)/(-8)). Suppose n + 5*y - 24 = 0, -120 = -o*n + y - 0*y. List the prime factors of n.
2, 3
Suppose -10 = -3*w + x, 2*x = 2*w - 0*x - 12. Suppose 2*j - 4*h = 10, w*j - 6 = h + 1. List the prime factors of j.
3
Suppose 2*f - 6 = 0, 0*f + 366 = 5*m - 3*f. List the prime factors of m.
3, 5
Let m = -12 + 25. What are the prime factors of m?
13
What are the prime factors of (2/3*-95)/((-44)/66)?
5, 19
Let v(g) = 17 - 4 + 1 - 2*g. What are the prime factors of v(-6)?
2, 13
Suppose 0 = 5*x + 15, -n - 2*n + 36 = -3*x. Let f = n - -7. List the prime factors of f.
2
Suppose 2*k - 172 = -2*h, h = 5*k - 0*k + 56. List the prime factors of h.
3
Suppose -8*c + 1405 = -3*c. List the prime factors of c.
281
Suppose -92 = -j - 3*c, 4*j - 413 = 6*c - 9*c. List the prime factors of j.
107
What are the prime factors of (174/(-4))/(15/(-20))?
2, 29
Let i(z) = z**3 - 6*z**2 + 2*z + 3. Let d be i(6). Let o be (6/d)/(2/(-10)). Let x = o - -10. What are the prime factors of x?
2
Let y be -2 - (-47 + 3 + -2). Suppose -5*o + y = -36. What are the prime factors of o?
2
Let z(p) = 3*p**3 - 9*p**2 - 4*p. Let l(d) = -8*d**3 + 26*d**2 + 12*d - 1. Let n(a) = -4*l(a) - 11*z(a). Let i = -15 - -11. List the prime factors of n(i).
2
Suppose 29 = f - 0. List the prime factors of f.
29
Let i(o) = -10*o**3 - o**2 + o + 1. Suppose -4*h + 6 + 4 =